/(-32) + 3.
2, 7, 131
Let h = 141 - 60. Let k = -48 + h. What are the prime factors of k?
3, 11
Let h(c) = 12*c + 7. Let y be h(2). Suppose w + 2*f + 17 = -2*w, 5*w = -4*f - y. Let p = w + 10. List the prime factors of p.
7
Suppose -3153 - 2787 = -12*f. List the prime factors of f.
3, 5, 11
Let y(i) = 84*i. Let l be y(10). Suppose 2*j - 337 = t, l = 5*j - 4*t + t. List the prime factors of j.
3, 19
Suppose -5*m - 22 = 108. Let q = 66 + m. Let p = q - 26. What are the prime factors of p?
2, 7
Suppose -8 = -4*z + 2*z. Let l(h) = -h**3 + 7*h**2 + h - 6. What are the prime factors of l(z)?
2, 23
Let d = -231 + 433. Suppose -3*j - 297 = 3*k - 6*j, -2*k - d = -4*j. Let g = -67 - k. List the prime factors of g.
2, 3, 5
Suppose 0 = 3*o - 270 - 342. Let y = -99 + o. List the prime factors of y.
3, 5, 7
Let f(n) = n**2 + 3*n - 7. Suppose -12 = -2*i - i. Suppose -32 + 8 = -i*w. What are the prime factors of f(w)?
47
Suppose -2*f + 315 = 13*f. Suppose -1100 = -f*h + 11*h. List the prime factors of h.
2, 5, 11
Let w(a) be the third derivative of -a**6/120 - 7*a**5/60 - 7*a**4/24 - 5*a**3/3 - 18*a**2. List the prime factors of w(-8).
2, 5, 11
Suppose w + 11*t - 7*t - 15 = 0, 2*t - 4 = 0. Suppose 0*i - w*i = -1050. List the prime factors of i.
2, 3, 5
Suppose -1064 = -4*h + 4*d, -4*h - 718 = 3*d - 1782. List the prime factors of h.
2, 7, 19
Suppose l - 4*z + 20 = 0, 2*l - 6*l - 2*z + 10 = 0. Suppose -39*f + 38*f + 58 = l. What are the prime factors of f?
2, 29
Suppose -25*d + 1020 = -22*d. List the prime factors of d.
2, 5, 17
Let t(x) = 42*x**3 - x**2 + 4*x + 6. Let m be t(-2). List the prime factors of (m/(-10))/((-12)/(-40)).
2, 3, 19
Suppose -5*o = -626 - 189. What are the prime factors of o?
163
Suppose -12 = -3*t, -3*w - 2*t = -0*t - 3065. List the prime factors of w.
1019
Suppose -o - u + 4350 = 0, 4*o - 17406 = -4*u + 3*u. List the prime factors of o.
2, 17
Let c = 1721 + -32. What are the prime factors of c?
3, 563
Let w = -1379 + 1947. What are the prime factors of w?
2, 71
Let h(g) = -4*g - 17. Suppose 4 - 2 = 2*n. Let l = n + -15. What are the prime factors of h(l)?
3, 13
Let a(c) = c. Let b(d) = -5*d - 9. Let w(i) = -4*a(i) - b(i). List the prime factors of w(7).
2
Let g = -371 - -469. What are the prime factors of g?
2, 7
Suppose 0*r - 72 = -3*r. Let p(l) = l**2 - r*l + 6*l + 12*l. List the prime factors of p(-3).
3
Let g(z) = -3*z**2 - 31*z - 11. Let k be g(-10). What are the prime factors of 2 + 37*(3 - 1) + k?
3, 5
Let l(y) = y**2 - 5*y - 15. Let a be l(8). Let w = 33 + a. What are the prime factors of w?
2, 3, 7
Let o be (-16)/6*(-21)/14. Let k(f) = 16*f - 21 + 19 - 7*f. List the prime factors of k(o).
2, 17
Suppose g - 4*o - 691 = 0, 84*g - 3*o + 726 = 85*g. What are the prime factors of g?
3, 79
Suppose -4*f + 396 = 88. Suppose -3*o = 4*u - 2*u - f, 0 = -2*o - u + 52. What are the prime factors of o?
3
Suppose -4*k - 2048 = -12*k. What are the prime factors of k?
2
Suppose 5*q + 3*d - 57 = 0, -2*d = -3*q - 6 + 44. Suppose q*g + 190 = 13*g. List the prime factors of g.
2, 5, 19
Let y = -1690 + 3025. What are the prime factors of y?
3, 5, 89
Suppose 5*q + n = 2*q + 172, 0 = 3*q - n - 170. List the prime factors of q.
3, 19
Let p = -7 - -10. Suppose -h - p = -0*h. List the prime factors of (-57)/h + -3 + 6.
2, 11
Suppose -2*f - 8 = -f. Let m(z) = 0*z + 5 - z - 1 - 2. List the prime factors of m(f).
2, 5
What are the prime factors of (-655)/(-3) + 12/(-36)?
2, 109
Let s(j) = 4*j**3 - 3*j**2 - j. Let f = -31 + 34. List the prime factors of s(f).
2, 3, 13
Suppose 3*m = -6*m + 1944. Suppose -4*d + 7*w - 3*w = -m, -4 = w. What are the prime factors of d?
2, 5
Let j = -14 - -16. Suppose 0 - j = f. List the prime factors of 2 + (f - (-28 - 1)).
29
Suppose -s - 2*s = -2*i + 58, 3*s = -3*i + 102. Suppose 0 = -g + 50 + i. List the prime factors of g.
2, 41
Suppose -5*x = p - 371, p = -x + 6*p + 69. Suppose -5*c = 4*h - 93 - 28, 0 = 3*c + h - x. What are the prime factors of c?
5
Suppose -55*q + 54*q - 3 = 0. List the prime factors of 5/((-15)/534)*q/6.
89
Let h be (0 - -2)/(-2*2/(-4)). Suppose -212 = -0*d - h*d. What are the prime factors of d?
2, 53
Let b = 111 + -108. Suppose 2*q - 109 = b. What are the prime factors of q?
2, 7
Let u be (0 + 0)/(1/1). Suppose u*z - z = 3*x - 156, -2*z = 2*x - 100. What are the prime factors of x?
53
Let p(v) = 95*v**2 + 15*v + 18. What are the prime factors of p(5)?
2, 617
List the prime factors of 1335 + -3*18/27.
31, 43
Let q be 4/6*4/((-8)/(-15)). Let n = 23 - -93. Suppose -q*w + n = -59. What are the prime factors of w?
5, 7
Let o(y) = 3*y**2 - 14*y - 31. What are the prime factors of o(-5)?
2, 3, 19
Suppose 8*g - 2*g - 378 = 0. Let i = 119 - g. What are the prime factors of i?
2, 7
Suppose 14*g = 37*g + 253. Suppose -5*c - 5 = -0. What are the prime factors of (g + 10)/(c/15)?
3, 5
Suppose -8415 = -11*l + 8283. What are the prime factors of l?
2, 3, 11, 23
Suppose 0 = -3*i - 1 + 13. Suppose 6 = 2*g, -i*g = -3*a + 2*a - 16. List the prime factors of (-30)/(-2) - 3 - a.
2
List the prime factors of (16/12 + -2)*(-2574)/4.
3, 11, 13
Let u = -13 + 19. Suppose -u*k + 89 + 91 = 0. Let g = k + -26. List the prime factors of g.
2
Let r = -7 - -10. Let m be (-1 + 1)*3/r. Suppose -4*i = -m - 16. What are the prime factors of i?
2
Let p(b) = 2*b - 1. Let u be p(5). Let w(s) = -s**3 + s + 1. Let g(r) = -4*r**3 - 8*r**2 - 3*r + 7. Let h(y) = g(y) - 5*w(y). List the prime factors of h(u).
11
Let k = -6 + -5. Suppose 8*w - 200 = 13*w. Let g = k - w. What are the prime factors of g?
29
Let r = -44 + 926. What are the prime factors of r?
2, 3, 7
Let s = 44 - -414. List the prime factors of s.
2, 229
Let o(t) be the third derivative of 107*t**5/60 - t**4/8 + t**3/3 - 17*t**2. What are the prime factors of o(1)?
2, 53
List the prime factors of 716 - (-9)/(-6)*-2.
719
Let b be (-1 - -1)/(5 - (-3 - -7)). Suppose -408 = -4*k - 4*l, b = 4*k + l - 187 - 215. What are the prime factors of k?
2, 5
Suppose -3*f - 1 = -2*f. Let u be f/(2/(-32)) - 0. Suppose 4*l - 12 = 0, -3*l - u + 0 = -5*m. List the prime factors of m.
5
Let p(h) = -h + 1. Let m(q) = q**2 - 3*q + 4. Let g be m(3). Let o(n) = 6*n - 3. Let d(i) = g*p(i) + o(i). What are the prime factors of d(4)?
3
Let u be (-2)/5 - (-3196)/(-10). Let c = -221 - u. What are the prime factors of (1 - -1)*c/18?
11
Let g = 2067 - 1201. What are the prime factors of g?
2, 433
Let g(y) = -y**2 - 2*y - 47. Let p be g(0). Let j = -41 - p. List the prime factors of j.
2, 3
Let l(t) = -12*t + 26. Let j(i) = i - 1. Let d(h) = 6*j(h) + l(h). List the prime factors of d(-9).
2, 37
Let p = 46 + 34. Let q = -9 + 44. Let v = p - q. List the prime factors of v.
3, 5
Suppose 0 = -2*k + 6*k - 40. Let s be (-3*(-2)/(-8))/(46/(-368)). Suppose -w = -s*w - k, 0 = 4*o - 4*w - 124. What are the prime factors of o?
29
Let k(t) = t**2 + 7*t - 498. List the prime factors of k(33).
2, 3, 137
Let n(r) = 77*r - 15. What are the prime factors of n(6)?
3, 149
Suppose -17*o = -13*o - 32. Let z be 12/(((-60)/o)/(-5)). Suppose 2*j - 52 + z = 0. List the prime factors of j.
2, 11
Let o = 44 - 31. Suppose 4*n = 3*k - 84 + o, -4*n = -k + 21. What are the prime factors of k?
5
Suppose 11525 = 14*k - 10749. List the prime factors of k.
37, 43
What are the prime factors of (-1 + (-17)/3)*(-1287)/66?
2, 5, 13
Suppose -44*z - 1286 = -8018. What are the prime factors of z?
3, 17
Suppose 521 = 3*c + 47. Let k be (5 + 70)*(-4)/(-3). Let o = c - k. What are the prime factors of o?
2, 29
Suppose 5*a + 31 + 8 = -2*p, 36 = -3*a + 3*p. What are the prime factors of 16/(-72) - 785/a?
3, 29
Let f(x) = -x**3 + 9*x**2 + 12*x + 13. Let z be f(10). List the prime factors of z - (-12)/8*2.
2, 3
Suppose 3*q + q = 12. Let p be (-2 - -4)/(((-4)/(-5))/2). Suppose p*k - q*k - 94 = -3*x, 18 = x + 4*k. List the prime factors of x.
2, 17
Suppose -38 + 10 = -7*p. Suppose s - p*b - 68 = 0, 0*s - 2*b = 2*s - 166. What are the prime factors of s?
2, 5
Let m(l) = 91*l**2 + 278*l - 7. List the prime factors of m(6).
4937
Let l(q) = 38*q**3 + 2*q**2 - 2*q + 2. Let u be l(2). Suppose -7*i - 3*i = -u. What are the prime factors of i?
31
Let x(s) = -s**2 + 28*s + 34. List the prime factors of x(28).
2, 17
Let h = 24 + -22. What are the prime factors of 1*(4 - 